Suppose 0 = 11*f - 8*f - 27. Let i(y) = -y**3 + 8*y**2 + 10*y + 1. Let l be i(f). Calculate the greatest common divisor of l and 80.
10
Let g(n) = -58*n + 286. Let o be g(-3). Calculate the highest common factor of 20 and o.
20
Let y = -63 - -67. Calculate the greatest common factor of 52 and y.
4
Let f = -17 + 127. Let z(s) = 17*s - 20. Let b be z(-14). Let d = 268 + b. Calculate the highest common divisor of f and d.
10
Suppose 90 = 164*n - 161*n. What is the highest common factor of 120 and n?
30
Let y(p) = -p - 2. Let r be y(0). Let g be (-9)/(-4) + r/8. Suppose -o = -g*s - 80, -2*o + 6*s - 3*s + 160 = 0. Calculate the highest common factor of 10 and o.
10
Suppose -7 = 4*h - 19. Suppose h*t = 5*t. Let v be (3 + t)/(-3) + 57. Calculate the greatest common divisor of 14 and v.
14
Let x = 513 - 493. What is the highest common factor of x and 30?
10
Let r = 531 + -528. What is the greatest common divisor of r and 6?
3
Let h be (84/(-30))/(2/10). Let r = 3 - h. What is the greatest common divisor of r and 136?
17
Let g(z) = -z**3 - 8*z**2 - 7*z + 7. Let o be g(-7). What is the highest common factor of 77 and o?
7
Let m(r) = 3*r - 18. Let u be 8/4 + 1 - -9. Let w be -1 + 3 + u/2. Let t be m(w). What is the greatest common divisor of 3 and t?
3
Suppose -4*o + 391 = -3*l, 644*l = -5*o + 639*l + 445. Calculate the greatest common divisor of 846 and o.
94
Suppose 4*g - 18 = 6. Calculate the highest common divisor of 30 and g.
6
Let t(q) = -q**3 - q**2 - 5*q - 3. Let f be t(-3). Let k = -18 + 33. Let a = f - k. Calculate the greatest common divisor of 165 and a.
15
Suppose 2*i - 258 = -0. Calculate the highest common factor of 172 and i.
43
Let y be (-1 - 13) + 52/13. Let c = 0 - y. What is the highest common divisor of 2 and c?
2
Let d = 102 - 84. What is the greatest common divisor of d and 144?
18
Let z(j) = 2*j**2 + 32*j - 37. Let x be z(-17). Let l be 5/((-2)/x*(-30)/(-100)). What is the highest common factor of 25 and l?
25
Let r(h) = 102*h**3 + 0 - 1 - h**2 + h + 3 + 10*h**3. Let m be r(-1). Let l = m + 175. Calculate the greatest common factor of 9 and l.
9
Let p be (2015/(-5))/(-1) - -3. Suppose 6*h = 8*h - p. Let v = -116 + h. What is the highest common factor of 29 and v?
29
Let z be 4 - 5/((-10)/(-8)). Suppose 5*r - 5*p - 125 = -z*r, -2*r - p = -59. Suppose -r = -12*d + 5*d. What is the greatest common factor of 10 and d?
2
Let i be -5 + -1 + 2/((-10)/(-185)). What is the highest common divisor of 465 and i?
31
Suppose 460 = 73*r - 69*r. What is the highest common divisor of 184 and r?
23
Let g be 15 - 8/(-28)*-14. Suppose -4*m = 5*u - u - 4, 3*m - 5*u = 3. What is the highest common divisor of g and m?
1
Let k = 231 + -196. What is the greatest common divisor of 7 and k?
7
Let k(g) = -16*g - 1. Let u be k(-1). Let v = -10 + u. Let j(x) = x**2 - 2*x - 2. Let t be j(v). What is the highest common factor of 52 and t?
13
Let g = 272 - 252. Calculate the greatest common factor of 90 and g.
10
Suppose -2*y + 9068 = 2*l, -4*y + 3*l = -26621 + 8471. What is the highest common divisor of y and 56?
56
Let b be 2 - (-195)/12 - (-7)/(-28). What is the greatest common factor of b and 198?
18
Suppose -3*k - 28 = -c, -458*c + 460*c - 40 = -2*k. Calculate the greatest common factor of c and 220.
22
Suppose -d + 4 = -5*d. Let v be d - (-4)/8 - 51/(-6). Calculate the highest common factor of v and 56.
8
Let i(u) = -u + 26. Let j be i(11). Let q = 20 + j. What is the greatest common factor of q and 14?
7
Suppose 15*f - 519 - 261 = 0. What is the greatest common factor of 36 and f?
4
Let j(z) = 2*z**2 + 13*z + 9. Let p be j(5). Calculate the highest common divisor of 93 and p.
31
Suppose 8*j - 3*j = -3*h + 65, -5*j = -20. Suppose -17 - 13 = -5*w. Calculate the highest common divisor of h and w.
3
Let g(a) = -72*a - 204. Let x be g(-3). What is the greatest common divisor of 2004 and x?
12
Let y(f) = f**3 + 11*f**2 - 29*f + 13. Let r be y(-13). Calculate the greatest common divisor of 169 and r.
13
Suppose o + 17 = -2*v + 37, -2*v - 4*o + 20 = 0. Let s = -103 + 153. Calculate the greatest common divisor of s and v.
10
Let z be 5664/(-168)*(-7)/2. Suppose m = 1, -3*m - 610 = -3*i - z. What is the greatest common factor of i and 15?
15
Let n = 2916 + -1343. Calculate the greatest common divisor of 13 and n.
13
Let o be (-45)/(-24) + (-4)/(-32). Let i = o + 4. Suppose -2*q - m = -4, -10 = -4*q + 2*m + i. What is the highest common divisor of 27 and q?
3
Let z = 220 - 169. Calculate the highest common divisor of z and 51.
51
Suppose -13 = -4*r + h, h - 13 + 14 = -2*r. What is the greatest common divisor of 13 and r?
1
Let m(z) = z**2 + 17*z + 36. Let y be (80/24)/(-2*(-2)/(-18)). Let c be m(y). Suppose 5*a + 16 - 106 = 0. Calculate the highest common divisor of a and c.
6
Let x = 17 - 9. What is the highest common factor of x and 1456?
8
Let x(k) = 10*k - 1. Suppose -d + 3*b = -2*b + 3, 0 = 5*d + 5*b - 15. Let y be x(d). What is the greatest common factor of y and 133?
19
Let h be -46*(5/(-10) - 0) - -4. Calculate the highest common factor of 3 and h.
3
Let j(z) = -7*z + 2. Let v be j(-8). Let d = -62 - -109. Let k = d - 18. Calculate the greatest common factor of v and k.
29
Let i(n) = -n**2 + n + 38. Let f be i(0). Let a(v) = 2*v**3 + 5*v**2 + 10*v - 7. Let m be a(5). What is the highest common factor of m and f?
38
Let b be 4/12 + (-2517)/(-9). Suppose -v + 6*v - b = 0. Calculate the highest common factor of v and 7.
7
Suppose 0 = 3*s - 6, -w + 6*s + 542 = 2*s. Let d(x) = 5*x**2 + 5*x - 10. Let c be d(3). Calculate the highest common factor of c and w.
50
Let h(i) = -3*i**3 - i**2 + 9*i + 8. Let q be h(-3). Calculate the highest common divisor of q and 901.
53
Suppose g + 142 = 3*u - 324, -3*g + 296 = 2*u. Suppose -33*p = -21*p - 168. Calculate the greatest common divisor of p and u.
14
Let w be 5826*6/78 + 4/(-26). What is the highest common factor of 84 and w?
28
Suppose y = 13 - 19. Let a(k) = k**2 + 6*k + 4. Let m be a(y). Let t = 8 + -4. What is the highest common divisor of t and m?
4
Suppose 0 = -5*x + 3*q + 16, 5*q + 7 - 3 = -3*x. Suppose -x*b + 94 = 5*z, 3*b - b = 4. What is the highest common factor of z and 36?
18
Let q(z) = z**3 + 7*z**2 - 2*z + 1. Let m be 7*(-3 - -2 - 0). Let f be q(m). What is the highest common factor of 5 and f?
5
Suppose 4*z - 10*z = -492. Let q be (-4)/12 + z/3. Calculate the highest common divisor of q and 18.
9
Let u be (-156)/2*(-8)/(-12)*-5. Calculate the greatest common divisor of 156 and u.
52
Suppose x - 2*a - 4 = 0, 2*a - 5 = -3*x + 7. Suppose -4 = -f + 3*m + 4, 0 = 3*m + 6. Calculate the highest common divisor of f and x.
2
Let k(m) = -m**3 + 9*m**2 + 13*m. Let p be k(9). What is the highest common factor of p and 13?
13
Let y be (-6)/360*-8 - (-412)/60. Calculate the highest common divisor of 21 and y.
7
Suppose 5*b + 5 - 25 = 0. Let t be b/(-14) - (-26)/(-7). Let i(k) = 2*k**2 + 4*k + 2. Let l be i(t). Calculate the highest common divisor of l and 36.
18
Suppose 2*n - 1741 = -p, -3*n - 6*p = -7*p - 2599. What is the highest common factor of n and 62?
62
Let r = 165 + 164. What is the greatest common factor of r and 47?
47
Suppose f + a + 39 = 4*f, f = -3*a + 13. Suppose 2*p - 204 = -4*u, 4*p - 420 = u + 3*u. What is the highest common divisor of f and p?
13
Let u be 9*((-176)/(-24) + -6). Calculate the greatest common factor of u and 33.
3
Let f(o) = -32*o + 89. Let n be f(0). What is the greatest common divisor of n and 356?
89
Let r(o) = 2*o**3 + 30*o**2 - 3*o - 33. Let c be r(-15). Calculate the greatest common divisor of 78 and c.
6
Let r(y) = 3*y**2 + 11*y + 16. Let k be 5*(48/(-20))/6. Let f be r(k). What is the greatest common factor of f and 8?
2
Let h = -55 - -55. Suppose 6*m - 347 - 61 = h. Calculate the greatest common factor of m and 17.
17
Let z = -116 - -164. Let o be ((-3)/(-2))/(4/z). What is the highest common divisor of 81 and o?
9
Suppose 0 = 5*n - 10, n - 5*n = 5*q - 323. Let h(x) = 51*x + 626. Let y be h(-12). Calculate the highest common factor of q and y.
7
Suppose -87*z - 480 = -102*z. Calculate the greatest common divisor of 1568 and z.
32
Let q be (3/2)/(48/64) + 51. Suppose 3*w = -q + 71. Calculate the highest common divisor of 9 and w.
3
Let y be (1 + -2 + 6)/1. Let m(w) = 2*w**3 